*b**2 - 18*b - 12. Let j(n) = -47*n - 4681. Let l be j(-100). Calculate p(l).
7
Let o(c) = c**3 + 4*c**2 + 3*c - 3. Let h(k) = 3*k**2 - 34*k + 198. Let t be h(6). Let p = 99 - t. Give o(p).
-3
Let m(r) = r**3 - r**2 + r + 3. Suppose 10*v + 20 = 110. Suppose -n = -3*n + v*n. Calculate m(n).
3
Let r(w) = w. Let b(h) = h**2. Let s(j) = 2*j**2 + 1. Let y(g) = 3*b(g) - s(g). Let t be 5/(-10) - (-5)/2. Let d be y(t). Determine r(d).
3
Let z(n) = -1 + 0 + 1 - n**3 - 1839*n**2 + 1838*n**2 + 5*n. Give z(4).
-60
Let y(l) = -5*l**2 - 7*l - 4. Let s = -3886 + 3884. Determine y(s).
-10
Let t(g) = -g**3 + 7*g**2 - g + 9. Suppose 21 = -6*j - 9. Let f be (-148)/j - (-30)/75. Suppose -f*k = -29*k - 7. Give t(k).
2
Let f(i) be the first derivative of -51 - 1/4*i**4 + 1/2*i**2 + 2*i + 0*i**3. Calculate f(-2).
8
Let z = 107 + -176. Let s = -65 - z. Let i(u) = -3*u + 3. What is i(s)?
-9
Let v(r) = -r**2 + 22*r - 108. Let n be v(8). Let y(c) = -4559 - 3*c**3 + n*c**3 + 2*c + 4557. Determine y(2).
10
Let j(x) = 10*x**3 + 7*x**2 + 44*x + 119. Let d(b) = 3*b**3 + 3*b**2 + 15*b + 37. Let u(q) = -13*d(q) + 4*j(q). Calculate u(12).
-89
Let r(d) = 14*d - 106. Suppose 6*y - 8*y - 7*n - 7 = 0, 19 = 4*y + 3*n. Determine r(y).
-8
Let r(c) = -22*c - 129. Let i be (496/64 - (11 - 3))/((-1)/(-20)). Determine r(i).
-19
Suppose 3*s = -10 + 31. Let q(b) be the third derivative of 0*b - 5*b**2 - 1/60*b**5 - 1/6*b**3 + 7/24*b**4 + 6. Determine q(s).
-1
Let h(l) = l**3 + 3*l**2 - 2*l - 2. Let r(j) = 15*j + 39. Let q be r(-6). Let b = 66 + q. Suppose -89 + 29 = b*t. What is h(t)?
-10
Suppose -80*z + 2*q + 16 = -83*z, 1 = -z - 5*q. Let n(x) = -x**3 - 5*x**2 + 11*x + 18. Determine n(z).
-12
Let u(a) = -a**2 + 6*a - 3. Suppose q - 211 - 3 = 0. Let i = q - 209. What is u(i)?
2
Let h be -2 + 9 + (-11)/2. Let m(p) be the second derivative of 0 - 11*p - 1/12*p**4 - h*p**2 + p**3. Give m(5).
2
Let t(i) = i**2 + 0*i**2 + 6 - 4*i + i**3 + 4*i**2. Let a(b) = b**3 - 78*b**2 - 72*b - 559. Let p be a(79). Give t(p).
-6
Let s be 502/18 - 44/6336*-16. Let b(p) = -p**3 + 30*p**2 - 49*p - 199. Determine b(s).
-3
Let u(k) = 4*k**2 + 14*k + 5. Let d(x) be the second derivative of -5*x**4/12 - 2*x**3 - 2*x**2 - 18*x + 2. Let q(y) = 6*d(y) + 5*u(y). Calculate q(1).
-11
Let g(o) = -o - 1. Let b(d) = -5*d - 5. Let r(p) = 23 + 14*p**2 - p**3 + 12*p**2 + 11*p - 11*p**2 + 3*p. Let x be r(16). Let s(k) = x*g(k) + 2*b(k). Give s(-9).
8
Let b(m) be the first derivative of -m**3/3 + 7*m**2/2 + 12*m - 767. Determine b(7).
12
Let o(u) = u + 3. Suppose -4*b = 56 + 88. Let z = 40 + b. Let d be 2/4 - 2/z. Calculate o(d).
3
Let b(s) = -s**3 + 22*s**2 - s + 17. Suppose 3 - 7 = -i + 3*n, 0 = -5*i - n + 116. Give b(i).
-5
Let b = 11853 + -11859. Let i(g) = g**3 + 8*g**2 + 8*g + 18. Give i(b).
42
Let x = 1127 + -1122. Let k(s) = -17*s - 1. Calculate k(x).
-86
Let k(f) = 3*f**2 + 20*f + 21. Let v(o) = -5*o. Let h be v(1). Determine k(h).
-4
Suppose -7*o + 34 = -22. Let u(h) = 10*h - 75. Let l be u(o). Let c(p) = p**3 - 7*p**2 + 3*p + 7. What is c(l)?
-28
Let x(n) be the second derivative of -n**4/12 + 7*n**3/6 - 5*n**2/2 - 869*n. Suppose 4*l - 2*t = 26, 5*t + 11 = -4. Determine x(l).
5
Let i(w) = 30*w**3 - 22*w**2 - 10*w + 13. Let v(a) = 52*a**3 - 42*a**2 - 20*a + 24. Let l(h) = 7*i(h) - 4*v(h). Give l(-6).
7
Let c(v) = -v - 3. Let h(p) = -p**3 + 5*p**2 - 6*p - 8. Let q be h(3). What is c(q)?
5
Let j(t) = 1 - 108*t + 53*t + 54*t. Suppose 33 - 12 = -4*m + i, 2*i = -5*m - 36. Calculate j(m).
7
Let t be 10/45 + (-86)/(-18). Let l(r) = -16*r + 5 + r**3 - 20*r - 6*r**2 + 38*r. Calculate l(t).
-10
Let a be (-12)/(4 - ((-312)/(-76))/1). Let j = a - 164. Let x = j - -49. Let y(h) = -23*h**2 - 1. Calculate y(x).
-24
Let n(f) = 32 + 110*f - 19 - f**2 + 0*f**2 - 122*f. Calculate n(-14).
-15
Let o(q) = q**3 - 74*q**2 + 4*q - 293. Let y be o(74). Let z(g) = -3*g**2 + 4. What is z(y)?
-23
Let b be (-6)/8*(-2 + (0 - 2)). Suppose -b*w + 2 = r - 6, -4*w + 10 = r. Let u(v) = r*v + 12 + 5 - 7 + v. What is u(-7)?
-11
Let j(o) be the first derivative of -o**4/4 - o**3 + 3*o**2/2 + 2*o + 1. Let x = 5051 - 5054. Determine j(x).
-7
Let b(d) = -2*d**2 + 16 + d**2 + 2*d**2 - 4*d**2 - 18. Calculate b(2).
-14
Let x(u) = -3*u**3 - 1. Suppose -6*o - 3*j - 9 = -5*o, 0 = 2*o + 3*j + 6. Suppose -o*a + 4*a + 8 = 0. Let h be ((-4)/(-6))/(a/12). Give x(h).
2
Let b(h) = -h. Let a(v) = 5*v + 2. Let o(f) = -a(f) - 3*b(f). Suppose 0*q = -6*q + 6. Suppose -15*u - 31 + q = 0. What is o(u)?
2
Let h = -2 + -3. Let o(n) be the second derivative of n**5/60 + 5*n**4/24 + n**3/6 - 73*n**2 + 9*n + 7. Let t(k) be the first derivative of o(k). What is t(h)?
1
Suppose 0 = -55*m + 69*m + 2016. Let l = m + 149. Let r(a) = a**3 - 4*a**2 - 2*a - 11. Calculate r(l).
4
Suppose 3*j = 5 - 2, -18 = -c - 5*j. Suppose -23 = -c*a + 29. Let x(o) = o**2 + 5*o - 5. Give x(a).
31
Let x(d) = 2*d**3 + 3*d**2 + 4*d - 1. Let h(b) = 5*b**3 + 25*b**2 - 22*b + 32. Let c(f) = h(f) - 3*x(f). Calculate c(14).
-49
Let v(u) = 0 - 355*u + 354*u + 1 + 2 + 3. Suppose -l - 2*h + 0*h = -3, -l - h + 3 = 0. Let q be 112/21 + (-1)/l. Determine v(q).
1
Let s(d) = 6*d**2 + 308*d + 98. Let w be s(-51). Let v(c) = -c**3 - 3*c**2 + 2*c - 8. Give v(w).
0
Let o(b) be the second derivative of -b**3/2 + 5*b**2/2 - 149*b. Give o(1).
2
Suppose 5*k = -0*k - 5, 2*u + 5*k - 49 = 0. Let g = -1 - u. Let m be 1/((4 + -8)/g). Let d(q) = -q**2 + 9*q - 8. What is d(m)?
6
Let j(d) = 8*d + 4. Suppose -5*b - 19 = -9. Let o be j(b). Let i be (-62)/o + 1/(-6). Let y(s) = -s**2 + 6*s + 3. What is y(i)?
8
Suppose 0*f - f + 14 = 0. Suppose -f*l = 27 + 15. Let d(i) = i**3 + 3*i**2 - i - 1. What is d(l)?
2
Let p = -647 - -646. Let c(w) = -w**3 + w**2 + 1. Let f(k) = 0*k - k**3 + 0*k + 3*k. Let v(o) = p*f(o) + 2*c(o). What is v(2)?
-4
Let x(c) = -5*c**3 + 39*c**2 - 132*c - 77. Let j(k) = -4*k**3 + 39*k**2 - 108*k - 78. Let u(i) = 4*j(i) - 3*x(i). Give u(38).
-5
Let l(g) be the second derivative of -g**3/6 + 3*g**2/2 - 11*g. Let n be (-6)/(-9) - (-50)/15. Let h be l(n). Let c(w) = 10*w**2 + 1. Give c(h).
11
Let n(z) be the third derivative of z**5/60 + z**4/24 - 5*z**3/3 + 144*z**2. Determine n(8).
62
Let v(y) = 31*y + 225. Suppose 61*f = 8*f - 36*f - 623. What is v(f)?
8
Let w(v) = v. Let r(o) = 21*o - 1. Let s(n) = r(n) - 6*w(n). Let b(y) = -1 + 8*y - 9 - y**2 - 7 + 2. Let q be b(4). Give s(q).
14
Let c = 4307 + -4309. Let w(g) = -7*g - 11. Calculate w(c).
3
Let a(y) be the third derivative of y**7/120 + y**5/120 - 5*y**4/4 + 15*y**2. Let j(o) be the second derivative of a(o). Let m = 15 + -16. Determine j(m).
22
Let d(l) = l**2 - 7*l + 10. Let r be 13 + (0 - ((-135)/(-9) + -7)). Determine d(r).
0
Let w be (-33)/(-9) + 36/27. Suppose -w*y = -10, 8*y - 3*y = -p + 9. Let l(j) = -9*j**3 + 2*j + 1. What is l(p)?
8
Let c(d) be the third derivative of -d**5/60 - 3*d**4/8 + 107*d**3/6 - 137*d**2 - 16*d - 1. Give c(-16).
-5
Let l(x) = 5*x - 1358 + 2740 - 1375 + x**2 - 4*x**3 - 3*x**2. Determine l(-3).
82
Let h(k) = -6*k**3 - k**2 + 6*k + 5. Let j(w) = w + 1. Let p(y) = h(y) - 4*j(y). Let o(t) = t**3 - 2*t**2 - 43*t + 118. Let r be o(3). Calculate p(r).
41
Let b(n) = 17*n + 5 + 8*n**2 - 7*n**2 - 10*n. Suppose -32*i - 18 = -26*i. Let j be (36/8)/(3/(-6)) - i. Give b(j).
-1
Let h(v) = v**2 + 18*v - 8. Let f(z) = 5*z + 21. Let u be f(-8). Let w be h(u). Let x(y) = -w + 18 - 3*y - 11 + 4*y**2. Calculate x(3).
23
Let h(s) = -2*s + 29. Suppose -26*u + 454 = 168. Give h(u).
7
Let g(z) = z**2 + z + 2. Let c(q) = 5*q - 10. Let w(d) = -c(d) - g(d). What is w(5)?
-47
Let o(n) = 5 - 19*n + 43*n - 13*n + 4*n**2 + 5 - 8*n. Calculate o(-4).
62
Let r(j) be the first derivative of -7*j**2/2 - 4030. Calculate r(-2).
14
Suppose -3*l - 24 = l. Let b(x) be the second derivative of 0 - 34*x + 1/2*x**2 + 7/6*x**3 + 1/12*x**4. Give b(l).
-5
Let m be (120/72)/(10/18). Let y(q) = -q - 2. Let x(j) = -8*j - 7. Let w(h) = m*y(h) - x(h). What is w(-2)?
-9
Let h(r) = 49*r**2 + 2*r + 1. Let f be h(-1). Let o = 58 - f. Suppose -3*v - 2*v - o = 0. Let l(y) = 2*y**2 - 2*y - 1. What is l(v)?
11
Let o(p) = 3*p**2 + p**3 + 116814 - 9*p - 116820 + 3*p**2. Determine o(-7).
8
Let i(u) = 4*u - 2. Let v be i(1). Let w(b) = -13*b**v - 11 + 1 + 40 - 14 - b**3 - 10*b. Determine w(-12).
-8
Le